{"id":30,"date":"2024-10-23T17:14:48","date_gmt":"2024-10-23T17:14:48","guid":{"rendered":"https:\/\/www.diekommitmanns.de\/soul3\/?page_id=30"},"modified":"2025-01-14T10:51:29","modified_gmt":"2025-01-14T10:51:29","slug":"info","status":"publish","type":"page","link":"https:\/\/www.diekommitmanns.de\/soul3\/info\/","title":{"rendered":"Info"},"content":{"rendered":"<h2>Auftritte<\/h2>\n<p>in fast allen namhaften Live-Clubs Deutschlands, wie z.B. Aschaffenburg Colos Saal, Wilhelmshafen-Pumpwerk, Jovel- M\u00fcnster, Zeche-Bochum, Dortmund-Livestation, Nordenham-Jahnhalle, Essen-Zeche, Stuttgart -Theaterhaus, Frankfurt-S\u00fcdbahnhof, Oberhausen- Starclub, Mainz-Unterhaus, Hannover-Capitol, Leibzig-Moritzbastei, etc..<\/p>\n<p>Festivalauftritte mit James Brown, The Temptations, Fischer Z, Fantastischen4, Smokie, Alvin Lee, Dirk Z\u00f6llner, Alby Donelly\u00b4s Supercharge, Bob Geldof, Klaus Lage, Wolf Maan, Pudhys, Karat etc.<\/p>\n<p>Fernsehauftritte in ZDF, WDR, SAT1, RTL , darunter Live-\u00dcbertragungen im WDR und die Ausstrahlung eines Konzertes im ZDF.<\/p>\n<p><img loading=\"lazy\" decoding=\"async\" class=\"alignnone size-full wp-image-36\" src=\"https:\/\/www.diekommitmanns.de\/soul3\/wp-content\/uploads\/2024\/10\/teaserbild06.jpg\" alt=\"\" width=\"888\" height=\"286\" srcset=\"https:\/\/www.diekommitmanns.de\/soul3\/wp-content\/uploads\/2024\/10\/teaserbild06.jpg 888w, https:\/\/www.diekommitmanns.de\/soul3\/wp-content\/uploads\/2024\/10\/teaserbild06-300x97.jpg 300w\" sizes=\"auto, (max-width: 888px) 100vw, 888px\" \/><\/p>\n<h2>Referenzen<\/h2>\n<p>Galaauftritte f\u00fcr: die Deutsche Lufthansa, SONY, Telekom, Deutsche Post AG, Brau und Brunnen, Continentale, G-Data, NRW-Landesvertretung Berlin, Ruhr 2010 Er\u00f6ffnung, Sparkassengala Westfalenhallen, Ikea, SWS Rundfunk, Ballear Finca Service Mallorca, tobit Software, Movie Park, AWO, Radio NRW, Ruhr 2010 Br\u00fcssel, Engels &amp; V\u00f6lkers Mallorca, Sparkasse Brilon, Sparkasse L\u00fcdenscheid, Gerry Weber, DATEV etc, etc, etc.<\/p>\n<h2>Infotext<\/h2>\n<p><strong>1992:<\/strong> Der Alan Parker Film \u201eThe Commitments&#8220; l\u00e4uft in den Kinos.<br \/>\nS\u00e4nger Chris Tanzza sieht ihn und ruft hektisch und euphorisch die Soulmusiker des Ruhrgebietes zusammen. Die \u201eKomm Mit\u00b4Mann!s\u201c sind geboren. Schon die ersten Auftritte werden zum gro\u00dfen Erfolg.<br \/>\nAusverkaufte Clubs, umjubelte Festivalauftritte.<br \/>\nDie Renaissance des Souls in Deutschland ist gelungen.<\/p>\n<p><strong>2025:<\/strong> Jetzt, 33 Jahre nach Gr\u00fcndung der \u201eKomm\u00b4s\u201c, nach \u00fcber 1400 Auftritten im In-und Ausland, nach 100 tausenden gefressenen Autobahnkm, nach Gigs mit Soulgr\u00f6\u00dfen, wie z.B. \u201eThe Temptations\u201c und dem Godfather James Brown, gilt die Band l\u00e4ngst als Kult, ist immer noch auf ihrer \u201eneverending Tour\u201c, frischer den je, mit ihrer Jubilee-CD im Gep\u00e4ck.<br \/>\nFans der ersten Stunde kommen inzwischen mit ihren Kids, um die Hits der gro\u00dfen Soulaera, wie \u201eMustang Sally\u201c, \u201cDock of the bay\u201c, \u201cRespect\u201c, etc. zu h\u00f6ren und zu feiern.<br \/>\nDie \u201eKomm\u00b4s\u201c haben im Laufe der Jahre ihren ureigenen Stil kreiert, mit Chris Tanzza, der, laut Presse, schw\u00e4rzesten wei\u00dfen Stimme des Ruhrgebiets, dem unvergleichlichen weiblichen Backingchor, der auch solistisch brilliert und der unerm\u00fcdlich schuftenden, groovenden Band mit ihrem treibendem Bl\u00e4sersatz.<br \/>\nEine einzigartige Soulshow, eine Reminiszenz an die 60er Soulaera. Jeder Auftritt bis zur Ersch\u00f6pfung ausgekostet, sowohl von der Band, als auch vom Publikum.<br \/>\n2012 stellten \u201eDie Komm\u00b4Mit Mann!s\u201c ihre Jubilee-CD mit eigenen Songs, ganz im Stil der 60ger und 70ger Jahre vor, mit der sie sich und auch ihrem Publikum einen Wunsch erf\u00fcllt haben. Nat\u00fcrlich werden auch alle gro\u00dfen Soulklassiker gespielt.<br \/>\nEs steht eine lange und schwei\u00dftreibende Soulnacht an!<\/p>\n<blockquote><p><span style=\"font-size: 18pt;\">&#8222;We\u00b4re feelin\u00b4kinda soulsick,&#8230;..<\/span><br \/>\n<span style=\"font-size: 18pt;\">But the crowd called out for more!&#8220;<\/span><\/p><\/blockquote>\n<h2>Besetzung<\/h2>\n<p>leadvoc: chris tanzza | back voc: <a href=\"http:\/\/www.katjakutz.de\/\" target=\"_blank\" rel=\"noopener\">katja kutz<\/a>, <a href=\"http:\/\/www.janepalmer.de\/\" target=\"_blank\" rel=\"noopener\">jane palmer<\/a>, katja gutowski | drums: <a href=\"https:\/\/www.schlagzeugunterricht-dortmund.de\/\" target=\"_blank\" rel=\"noopener\">tom bargel<\/a> | keys: tom victor | guit: <a href=\"https:\/\/www.ziggyhorn.de\/\" target=\"_blank\" rel=\"noopener\">ziggy horn<\/a> | bass: <a href=\"https:\/\/www.ralf-lohmann.de\/\" target=\"_blank\" rel=\"noopener\">ralf lohmann<\/a> | ts: <a href=\"http:\/\/www.martin-frowein.de\/\" target=\"_blank\" rel=\"noopener\">martin frowein<\/a> | tp: <a href=\"https:\/\/matthiasknoop.de\/\" target=\"_blank\" rel=\"noopener\">matthias knoop<\/a> | sound: <a href=\"http:\/\/www.hafibeat.de\/\" target=\"_blank\" rel=\"noopener\">christopher hafer<\/a><\/p>\n<h2>Songliste<\/h2>\n<p>sittin\u00b4on the dock of the bay, i heard it through the grapevine, love the one you with, love of a woman, i say a little prayer, mustang sally, respect, try a little tenderness, midnight hour, never loved a man, take me to the river, sexmachine, i can\u00b4t stand the rain, papa was a rolling stone, chain of fools, soulman, it\u00b4s a shame, a whiter shade of pale, hold on i\u00b4m coming, when a man loves a woman, midnight mover, natural woman, hard to handle, let\u00b4s stay together, i feel good, what\u00b4s going on, ain\u00b4t no mountain high enough, midnight mover, a change is gonna come, etc.etc.etc.<\/p>\n<p>&nbsp;<\/p>\n","protected":false},"excerpt":{"rendered":"<p>Auftritte in fast allen namhaften Live-Clubs Deutschlands, wie z.B. Aschaffenburg Colos Saal, Wilhelmshafen-Pumpwerk, Jovel- M\u00fcnster, Zeche-Bochum, Dortmund-Livestation, Nordenham-Jahnhalle, Essen-Zeche, Stuttgart -Theaterhaus, Frankfurt-S\u00fcdbahnhof, Oberhausen- Starclub, Mainz-Unterhaus, Hannover-Capitol, Leibzig-Moritzbastei, etc.. Festivalauftritte mit James Brown, The Temptations, Fischer Z, Fantastischen4, Smokie, Alvin Lee, Dirk Z\u00f6llner, Alby Donelly\u00b4s Supercharge, Bob Geldof, Klaus Lage, Wolf Maan, Pudhys, Karat etc. Fernsehauftritte <a href=\"https:\/\/www.diekommitmanns.de\/soul3\/info\/\" class=\"more-link\">&#8230;<span class=\"screen-reader-text\">  Info<\/span><\/a><\/p>\n","protected":false},"author":1,"featured_media":0,"parent":0,"menu_order":0,"comment_status":"closed","ping_status":"closed","template":"templates\/sidebar-right.php","meta":{"footnotes":""},"class_list":["post-30","page","type-page","status-publish","hentry"],"_links":{"self":[{"href":"https:\/\/www.diekommitmanns.de\/soul3\/wp-json\/wp\/v2\/pages\/30","targetHints":{"allow":["GET"]}}],"collection":[{"href":"https:\/\/www.diekommitmanns.de\/soul3\/wp-json\/wp\/v2\/pages"}],"about":[{"href":"https:\/\/www.diekommitmanns.de\/soul3\/wp-json\/wp\/v2\/types\/page"}],"author":[{"embeddable":true,"href":"https:\/\/www.diekommitmanns.de\/soul3\/wp-json\/wp\/v2\/users\/1"}],"replies":[{"embeddable":true,"href":"https:\/\/www.diekommitmanns.de\/soul3\/wp-json\/wp\/v2\/comments?post=30"}],"version-history":[{"count":9,"href":"https:\/\/www.diekommitmanns.de\/soul3\/wp-json\/wp\/v2\/pages\/30\/revisions"}],"predecessor-version":[{"id":374,"href":"https:\/\/www.diekommitmanns.de\/soul3\/wp-json\/wp\/v2\/pages\/30\/revisions\/374"}],"wp:attachment":[{"href":"https:\/\/www.diekommitmanns.de\/soul3\/wp-json\/wp\/v2\/media?parent=30"}],"curies":[{"name":"wp","href":"https:\/\/api.w.org\/{rel}","templated":true}]}}